001220 + -2222002?
-100000222
In base 7, what is -23454 - -502?
-22652
In base 14, what is -33215 + -28?
-3323d
In base 10, what is 30684 + 1484?
32168
In base 13, what is -a77 + -475?
-121c
In base 16, what is -20101 - 7?
-20108
In base 3, what is 12000012 - -12222201?
101222220
In base 10, what is 1 - -5851122?
5851123
In base 5, what is 342444133 + -304?
342443324
In base 15, what is 268aa - -14?
268be
In base 11, what is -5 + -64522986?
-64522990
In base 5, what is 43232200 - -13003?
43300203
In base 15, what is 4 + 18151c72?
18151c76
In base 9, what is 1 + -281073543?
-281073542
In base 3, what is 22020202001 - 11?
22020201220
In base 10, what is 5 - -20107818?
20107823
In base 8, what is -31505 + 123765?
72260
In base 11, what is -831a12 + -a?
-831a21
In base 4, what is -202010010 - 110?
-202010120
In base 2, what is 1000100101011100000011 + -100?
1000100101011011111111
In base 13, what is 34 - 409b95?
-409b61
In base 15, what is -c - 6d5974d?
-6d5975a
In base 10, what is -42001 + 379?
-41622
In base 9, what is 77667 - 184?
77473
In base 9, what is 4484 + -2764?
1620
In base 6, what is -105344533 - -254?
-105344235
In base 13, what is 2aa1 - bb19?
-9048
In base 10, what is -1734657 + 292?
-1734365
In base 13, what is -c - 160300c7?
-16030106
In base 9, what is 3216258 - 1?
3216257
In base 7, what is 104 - -41631601?
41632005
In base 5, what is 4 - -10123004023?
10123004032
In base 6, what is 24220 + -31205?
-2545
In base 14, what is 5c - -345407?
345465
In base 16, what is -bce5503 + -1?
-bce5504
In base 9, what is -1 + 3328842?
3328841
In base 3, what is 220121202100202 - 0?
220121202100202
In base 10, what is -222319 + -14?
-222333
In base 16, what is 44 - 2ead9?
-2ea95
In base 4, what is -1 + -12300213020301?
-12300213020302
In base 11, what is -53638 - 70?
-536a8
In base 11, what is -730a50 + -1?
-730a51
In base 11, what is -138006 + 29?
-137a88
In base 4, what is 201301102003 - -22?
201301102031
In base 5, what is 0 - -131412044?
131412044
In base 9, what is 333762 + 1545?
335417
In base 14, what is 5122 - -99?
51bb
In base 11, what is 7569312 + -2?
7569310
In base 14, what is 88747 + 51?
88798
In base 15, what is -3 + -27e7d?
-27e81
In base 16, what is -10b4d6c3 + -4?
-10b4d6c7
In base 11, what is -341972 + 85?
-341898
In base 14, what is -6 - 3245cc?
-3245d4
In base 16, what is 3 + -eb1c52c?
-eb1c529
In base 13, what is b852 - -2a8?
bb2a
In base 4, what is 230 + -323213133?
-323212303
In base 8, what is 1071 + -244726?
-243635
In base 11, what is 1416815 - -176?
1416990
In base 4, what is -233323 - -3002023?
2102100
In base 9, what is 4665 - -4072?
8747
In base 12, what is 0 - 2b56847?
-2b56847
In base 6, what is 5 - 4102504212?
-4102504203
In base 9, what is 7376365 - 22?
7376343
In base 4, what is 10 + -1021002011011?
-1021002011001
In base 15, what is -5d3b584 + 1?
-5d3b583
In base 5, what is 1011412333 + 1?
1011412334
In base 14, what is 4 + 17b1317?
17b131b
In base 16, what is -9e9 + -12d62?
-1374b
In base 9, what is 70 + -16750?
-16670
In base 9, what is -485238855 + 5?
-485238850
In base 5, what is -3100134112 + -2?
-3100134114
In base 14, what is -5cb80 + -39?
-5cbb9
In base 8, what is 0 + 2106212177?
2106212177
In base 2, what is -101011011001000011 - 1011001?
-101011011010011100
In base 12, what is -50a45 - 14?
-50a59
In base 7, what is -106011 + 14?
-105664
In base 5, what is -1 + -424223123300?
-424223123301
In base 8, what is 1 - -45225064?
45225065
In base 15, what is 1 + 641c30?
641c31
In base 3, what is -1100001 - -20200220110?
20122120102
In base 3, what is -1012120022020 - 10000?
-1012120102020
In base 16, what is 1916b - 19e?
18fcd
In base 8, what is -67 + 110255?
110166
In base 13, what is 2 + -caaca9?
-caaca7
In base 15, what is 38 - 138c07?
-138bbe
In base 9, what is -72433715 + -6?
-72433722
In base 5, what is -210 - 14334000?
-14334210
In base 12, what is -11558523 - 0?
-11558523
In base 5, what is 42121144203 - 1?
42121144202
In base 16, what is -b9cab8 - e?
-b9cac6
In base 6, what is 40234122334 - 5?
40234122325
In base 13, what is -19c70 + -297?
-1a237
In base 4, what is 320101311 + -100112?
320001133
In base 2, what is 111011 - -10001000101001110?
10001000110001001
In base 5, what is 41314334 + -13?
41314321
In base 9, what is 4816628704 - -4?
4816628708
In base 6, what is -124353433 - -2?
-124353431
In base 9, what is 0 - -6384140?
6384140
In base 13, what is -3 - 112a038?
-112a03b
In base 14, what is 6973b7 - -4?
6973bb
In base 6, what is 12 + 2302403?
2302415
In base 9, what is -7128 - 1414?
-8543
In base 7, what is 432 - -14642365?
14643130
In base 8, what is 150634 - -2203?
153037
In base 2, what is 1010011100010 - 101000010?
1001110100000
In base 3, what is -201001212210101 - 21?
-201001212210122
In base 13, what is -1290296 - 1?
-1290297
In base 2, what is 100 + 1001000010110100011110?
1001000010110100100010
In base 2, what is 100 + 10101000010110010100100?
10101000010110010101000
In base 5, what is 12 + 40024322?
40024334
In base 5, what is 2104214124 - 0?
2104214124
In base 11, what is 2743 - 296581?
-293939
In base 5, what is 3 - 24040022201?
-24040022143
In base 9, what is -145000451 + -2?
-145000453
In base 14, what is 103b3c + 11d?
103c5b
In base 8, what is -51570371 - 7?
-51570400
In base 13, what is 70 + 3bab93b?
3bab9ab
In base 11, what is -38 + 7440?
7403
In base 7, what is 53625346 - 1?
53625345
In base 10, what is -1640711 + 24?
-1640687
In base 13, what is -46cc3c3b + -4?
-46cc3c42
In base 16, what is 5 + -11614?
-1160f
In base 8, what is 134250 + 24366?
160636
In base 16, what is e230e + 5?
e2313
In base 14, what is 8a + -1317a?
-130d0
In base 13, what is -785 + 3aa8?
3323
In base 16, what is f302 - -e1?
f3e3
In base 3, what is 1021110012 + 1020022?
1022200111
In base 7, what is -11223416 - 154?
-11223603
In base 8, what is 4 + 14446424?
14446430
In base 14, what is -77 - 32dd4?
-3306b
In base 14, what is -2d7543 - 2?
-2d7545
In base 2, what is 11 - 1101010010101110010110100?
-1101010010101110010110001
In base 7, what is 31355 - -12155?
43543
In base 7, what is -33333 - 22214?
-55550
In base 4, what is 12333312001 + 11000?
12333323001
In base 6, what is -215310 + 1514?
-213352
In base 14, what is 1333 - -86b00?
88033
In base 2, what is 101101 - -100001101011100100?
100001101100010001
In base 7, what is -4 + 261440532?
261440525
In base 2, what is 0 + -110010110011010011111001110?
-110010110011010011111001110
In base 6, what is -12 + 34322035?
34322023
In base 16, what is 2 + 5d9159?
5d915b
In base 13, what is -152a41 - 161?
-152ba2
In base 7, what is 2 - 506020453?
-506020451
In base 11, what is -2a02 - 307?
-3209
In base 7, what is 2613450532 + 3?
2613450535
In base 16, what is 54 - 9d90e?
-9d8ba
In base 14, what is -5 - 1020006c?
-10200073
In base 9, what is -350410314 - -7?
-350410306
In base 15, what is -3 - -26bcb?
26bc8
In base 8, what is -6 - -15072115?
15072107
In base 15, what is -791426c - -1?
-791426b
In base 2, what is -11011011101011001 + 10011100000?
-11011001001111001
In base 6, what is 40 + -112002143?
-112002103
In base 8, what is -2132416747 + 0?
-2132416747
In base 9, what is -3431742 + 8?
-3431733
In base 11, what is -153909 + -82a?
-154638
In base 7, what is 2632503 - 6?
2632464
In base 9, what is -154267 - 26?
-154304
In base 8, what is -204 - 531616?
-532022
In base 13, what is -241cb - -5?
-241c6
In base 6, what is 2303030 - -55?
2303125
In base 3, what is -21 + 22101110220121?
22101110220100
In base 16, what is -20b8d9cb - -5?
-20b8d9c6
In base 2, what is 1011111110100000110101 - 1100001?
1011111110011111010100
In base 3, what is -112221212 + -2122100202?
-10012022121
In base 8, what is 5 + 51650261?
51650266
In base 13, what is 24cb7 + 3a?
25024
In base 7, what is -5 - 23631331?
-23631336
In base 4, what is -333301001 + -1230?
-333302231
In base 13, what is 1 - 7a5195?
-7a5194
In base 3, what is -10102 - -20202001122201?
20202001112022
In base 12, what is -2b9ab15 - 4?
-2b9ab19
In base 12, what is -1a1 + a189?
9ba8
In base 16, what is 1 + -24f234e?
-24f234d
In base 6, what is -1144 - 344514103?
-344515251
In base 6, what is -12 - 120134511?
-120134523
In base 10, what is -7196909 - 3?
-7196912
In base 10, what is -775853 - -425?
-775428
In base 2, what